{"id":57767,"date":"2018-05-15T09:30:21","date_gmt":"2018-05-15T07:30:21","guid":{"rendered":"https:\/\/smgw.fr\/?page_id=57767"},"modified":"2018-12-05T12:34:13","modified_gmt":"2018-12-05T11:34:13","slug":"notre-identite","status":"publish","type":"page","link":"https:\/\/smgw.fr\/?page_id=57767","title":{"rendered":"Notre identit\u00e9"},"content":{"rendered":"<p>[vc_row row_type=\u00a0\u00bbrow\u00a0\u00bb use_row_as_full_screen_section=\u00a0\u00bbno\u00a0\u00bb type=\u00a0\u00bbgrid\u00a0\u00bb text_align=\u00a0\u00bbleft\u00a0\u00bb padding_top=\u00a0\u00bb60&Prime; padding_bottom=\u00a0\u00bb25&Prime; css_animation=\u00a0\u00bb\u00a0\u00bb box_shadow_on_row=\u00a0\u00bbno\u00a0\u00bb oblique_section=\u00a0\u00bbno\u00a0\u00bb triangle_shape=\u00a0\u00bbno\u00a0\u00bb][vc_column offset=\u00a0\u00bbvc_col-md-6&Prime;][vc_column_text]<\/p>\n<h6>Notre identit\u00e9<\/h6>\n<p>[\/vc_column_text]<div class=\"custom_font_holder\" style=\"font-family: Montserrat; font-size: 25px; line-height: 30px; font-style: normal; font-weight: 700; color: #2e2e2e; text-decoration: none; letter-spacing: -1px;; text-transform: capitalize; text-align: left\" data-font-size=25 data-line-height=30 ><div  ><p>\u00ab\u00a0Une histoire qui commence en 1977\u00a0\u00bb<\/p>\n<\/div><\/div>[vc_separator type=\u00a0\u00bbtransparent\u00a0\u00bb up=\u00a0\u00bb19&Prime; up_style=\u00a0\u00bbpx\u00a0\u00bb down=\u00a0\u00bb0&Prime; down_style=\u00a0\u00bbpx\u00a0\u00bb][vc_column_text]La Soci\u00e9t\u00e9 fut cr\u00e9\u00e9e sous le nom de SMILAIR en 1977 et principalement orient\u00e9e dans le service aux entreprises.<\/p>\n<p>Reprise en 2014, <strong>SMILAIR MGW<\/strong> n&rsquo;a cess\u00e9 d&rsquo;innover pour accro\u00eetre son expertise, nous nous sommes recentr\u00e9s sur le domaine\u00a0de l\u2019\u00e9nergie et tout particuli\u00e8rement des groupes \u00e9lectrog\u00e8nes et dans les syst\u00e8mes automatis\u00e9s aussi bien dans les secteurs\u00a0de l\u2019industrie, du tertiaire et des services.<\/p>\n<p>Notre approche m\u00e9tier et notre d\u00e9veloppement passe par notre professionnalisme, la qualit\u00e9 de notre service et de nos\u00a0prestations tout en respectant l\u2019environnement.<\/p>\n<p>Fort de ces nombreuses ann\u00e9es d\u2019exp\u00e9rience, les \u00e9quipes de SMILAIR MGW vous offre des solutions de maintenance et\u00a0technique garantissant un fonctionnement continu de vos installations groupes \u00e9lectrog\u00e8nes ainsi que la s\u00e9curisation de vos installations.[\/vc_column_text][vc_separator type=\u00a0\u00bbtransparent\u00a0\u00bb up=\u00a0\u00bb40&Prime; up_style=\u00a0\u00bbpx\u00a0\u00bb down=\u00a0\u00bb0&Prime; down_style=\u00a0\u00bbpx\u00a0\u00bb][\/vc_column][vc_column offset=\u00a0\u00bbvc_col-md-6&Prime; css=\u00a0\u00bb.vc_custom_1444897118246{padding-left: 4% !important;}\u00a0\u00bb][vc_separator type=\u00a0\u00bbtransparent\u00a0\u00bb up=\u00a0\u00bb10&Prime; up_style=\u00a0\u00bb%\u00a0\u00bb down=\u00a0\u00bb0&Prime; down_style=\u00a0\u00bb%\u00a0\u00bb][no_elements_holder number_of_columns=\u00a0\u00bbone_column\u00a0\u00bb][no_elements_holder_item item_padding=\u00a0\u00bb0&Prime; aligment=\u00a0\u00bbcenter\u00a0\u00bb animation_name=\u00a0\u00bbgrow_in\u00a0\u00bb animation_delay=\u00a0\u00bb100&Prime; advanced_animations=\u00a0\u00bbno\u00a0\u00bb]<div class=\"custom_font_holder\" style=\"font-family: Georgia; font-size: 110px; line-height: 110px; font-style: italic; font-weight: 400; color: #e5e5e5; text-decoration: none; letter-spacing: 0px;; text-transform: capitalize; text-align: center\" data-font-size=110 data-line-height=110 ><div  ><p>awesome<\/p>\n<\/div><\/div>[\/no_elements_holder_item][\/no_elements_holder][vc_separator type=\u00a0\u00bbtransparent\u00a0\u00bb up=\u00a0\u00bb-16&Prime; up_style=\u00a0\u00bb%\u00a0\u00bb down=\u00a0\u00bb0&Prime; down_style=\u00a0\u00bb%\u00a0\u00bb][no_elements_holder number_of_columns=\u00a0\u00bbone_column\u00a0\u00bb][no_elements_holder_item item_padding=\u00a0\u00bb0 0 0 2%\u00a0\u00bb aligment=\u00a0\u00bbleft\u00a0\u00bb animation_name=\u00a0\u00bby_translate\u00a0\u00bb animation_delay=\u00a0\u00bb200&Prime; advanced_animations=\u00a0\u00bbno\u00a0\u00bb]<div class=\"custom_font_holder\" style=\"font-family: Georgia; font-size: 50px; line-height: 50px; font-style: normal; font-weight: 400; color: #444444; text-decoration: none; letter-spacing: 0px;; text-transform: capitalize; text-align: left\" data-font-size=50 data-line-height=50 ><div  ><p>We are<\/p>\n<\/div><\/div>[\/no_elements_holder_item][\/no_elements_holder][vc_separator type=\u00a0\u00bbtransparent\u00a0\u00bb up=\u00a0\u00bb1&Prime; up_style=\u00a0\u00bb%\u00a0\u00bb down=\u00a0\u00bb0&Prime; down_style=\u00a0\u00bb%\u00a0\u00bb][no_elements_holder number_of_columns=\u00a0\u00bbone_column\u00a0\u00bb][no_elements_holder_item item_padding=\u00a0\u00bb0 0 41px\u00a0\u00bb aligment=\u00a0\u00bbcenter\u00a0\u00bb animation_name=\u00a0\u00bby_translate\u00a0\u00bb animation_delay=\u00a0\u00bb300&Prime; advanced_animations=\u00a0\u00bbno\u00a0\u00bb]<div class=\"custom_font_holder\" style=\"font-family: Montserrat; font-size: 103px; line-height: 103px; font-style: normal; font-weight: 700; color: #2299a5; text-decoration: none; letter-spacing: -5px;; text-transform: capitalize; text-align: left\" data-font-size=103 data-line-height=103 ><div  ><p>Since 1977<\/p>\n<\/div><\/div>[\/no_elements_holder_item][\/no_elements_holder][vc_column_text]<a name=\"metiers\"><\/a>[\/vc_column_text][\/vc_column][\/vc_row]<\/p>\n","protected":false},"excerpt":{"rendered":"<p>[vc_row row_type=\u00a0\u00bbrow\u00a0\u00bb use_row_as_full_screen_section=\u00a0\u00bbno\u00a0\u00bb type=\u00a0\u00bbgrid\u00a0\u00bb text_align=\u00a0\u00bbleft\u00a0\u00bb padding_top=\u00a0\u00bb60&Prime; padding_bottom=\u00a0\u00bb25&Prime; css_animation=\u00a0\u00bb\u00a0\u00bb box_shadow_on_row=\u00a0\u00bbno\u00a0\u00bb oblique_section=\u00a0\u00bbno\u00a0\u00bb triangle_shape=\u00a0\u00bbno\u00a0\u00bb][vc_column offset=\u00a0\u00bbvc_col-md-6&Prime;][vc_column_text] Notre identit\u00e9 [\/vc_column_text][vc_separator type=\u00a0\u00bbtransparent\u00a0\u00bb up=\u00a0\u00bb19&Prime; up_style=\u00a0\u00bbpx\u00a0\u00bb down=\u00a0\u00bb0&Prime; down_style=\u00a0\u00bbpx\u00a0\u00bb][vc_column_text]La Soci\u00e9t\u00e9 fut cr\u00e9\u00e9e sous le nom de SMILAIR en 1977 et principalement orient\u00e9e dans le service aux entreprises. Reprise en 2014, SMILAIR MGW n&rsquo;a cess\u00e9&#8230;<\/p>\n","protected":false},"author":1,"featured_media":0,"parent":0,"menu_order":0,"comment_status":"closed","ping_status":"closed","template":"","meta":{"_monsterinsights_skip_tracking":false,"_monsterinsights_sitenote_active":false,"_monsterinsights_sitenote_note":"","_monsterinsights_sitenote_category":0,"footnotes":""},"class_list":["post-57767","page","type-page","status-publish","hentry"],"_links":{"self":[{"href":"https:\/\/smgw.fr\/index.php?rest_route=\/wp\/v2\/pages\/57767","targetHints":{"allow":["GET"]}}],"collection":[{"href":"https:\/\/smgw.fr\/index.php?rest_route=\/wp\/v2\/pages"}],"about":[{"href":"https:\/\/smgw.fr\/index.php?rest_route=\/wp\/v2\/types\/page"}],"author":[{"embeddable":true,"href":"https:\/\/smgw.fr\/index.php?rest_route=\/wp\/v2\/users\/1"}],"replies":[{"embeddable":true,"href":"https:\/\/smgw.fr\/index.php?rest_route=%2Fwp%2Fv2%2Fcomments&post=57767"}],"version-history":[{"count":5,"href":"https:\/\/smgw.fr\/index.php?rest_route=\/wp\/v2\/pages\/57767\/revisions"}],"predecessor-version":[{"id":58092,"href":"https:\/\/smgw.fr\/index.php?rest_route=\/wp\/v2\/pages\/57767\/revisions\/58092"}],"wp:attachment":[{"href":"https:\/\/smgw.fr\/index.php?rest_route=%2Fwp%2Fv2%2Fmedia&parent=57767"}],"curies":[{"name":"wp","href":"https:\/\/api.w.org\/{rel}","templated":true}]}}